e remainder when p is divided by 9.
8
Let n(o) = 2*o + 5. Let l be 99/21 - (-6)/21. Calculate the remainder when n(l) is divided by 4.
3
Let v = 94 + -36. Suppose -v = -3*y + 35. Calculate the remainder when y is divided by (3/(-15)*4)/((-10)/200).
15
Suppose 0 = -4*x + 5*n + 52, 2*n + 4 = -2*x - 3*n. Calculate the remainder when 14 is divided by x.
6
Suppose -17 = 4*w - 13. Calculate the remainder when w/5 + 408/15 is divided by 14.
13
Suppose -15*n + n + 224 = 0. What is the remainder when 30 is divided by n?
14
Calculate the remainder when 43 + 2 + (-3 - -2) is divided by 15.
14
Suppose -4*q + 125 = 5*z, -2*q = -7*z + 2*z - 55. Suppose -5*u = -0*u - q. What is the remainder when 17 is divided by u?
5
Let u = -158 + 167. What is the remainder when ((-20)/16)/(1/(-12)) is divided by u?
6
Calculate the remainder when 61964/308 + 2/(-11) is divided by 51.
48
Suppose 0 = 5*s - 3*f + 5, 0 = -f + 5. Suppose 164 = 4*h + s*l, -2*l = -4*h + 3*h + 41. Calculate the remainder when h is divided by 22.
19
Let p be 1/(18/15 - 1). Suppose 0 = -2*v + 3*y + 34, 4*v - p*y + 0 = 68. What is the remainder when 65 is divided by v?
14
Let t = -48 - -72. What is the remainder when 118 is divided by t?
22
Let r = 13 + -11. Suppose r - 10 = -2*b. What is the remainder when 13 is divided by b?
1
Suppose -2*v - 4*r + 46 = 0, 3*v - 3*r - 27 - 15 = 0. Calculate the remainder when 31 is divided by v.
14
Suppose 5*r = 2*r + 12, 3*r + 8 = -5*j. Let c be j*39/(-6)*1. Suppose -d = d - c. Calculate the remainder when 25 is divided by d.
12
Let m be (5 + -9)/((-2)/1). Let f(v) = -v**3 - 3*v**2 + 6*v - 5. Let t be f(-5). Suppose -x - m*x = -t. What is the remainder when 14 is divided by x?
4
Let a(f) = -f**2 + 4*f. Let l be a(4). Suppose l*r - r - 62 = 0. Let m = -44 - r. Calculate the remainder when 33 is divided by m.
15
Suppose 749 = 5*d + 154. Let l = d - 83. Calculate the remainder when l is divided by 19.
17
Suppose 0 = 2*o + x - 26, -5*o + 74 = -4*x + 9. What is the remainder when 2/(-6)*3 + 38 is divided by o?
11
Suppose 0 = -0*o - o - 6. Let y(q) = -2*q + 5. Calculate the remainder when y(o) is divided by 6.
5
Suppose -13*d + 15 = -8*d. Let l = -4 + 7. What is the remainder when l is divided by d?
0
Let h(b) be the second derivative of b**5/20 - 7*b**4/12 + 2*b**3/3 + 9*b**2/2 + 2*b. Calculate the remainder when h(7) is divided by 19.
18
Let t = 9 - 9. Suppose t = 4*i - 41 + 1. Calculate the remainder when 37 is divided by i.
7
Let w be -3 - 1/(2 - 1). Let h(r) = r**2 + 3*r - 1. Let p be h(w). What is the remainder when 7 is divided by 12/8*8/p?
3
Let r(j) = -2*j - 3. Let h be r(-3). Suppose h*v + s = -s + 51, -57 = -3*v - 4*s. What is the remainder when 27 is divided by v?
12
Let l(t) = -3*t - 16. Let y be l(-7). Suppose -5*v = 2*d - 69, -8*d - 5*v = -y*d - 91. What is the remainder when 87 is divided by d?
21
Let h = -2 + 21. What is the remainder when h is divided by 7?
5
Let o(i) = i**2 + 4*i + 2. Let j be 0 + 1/((-2)/4). Let v be o(j). What is the remainder when (2/(-6))/(v/258) is divided by 15?
13
Suppose 4*s - 4*t - 192 = 0, -4*s + 5*s = -t + 40. Suppose s = -0*b + b. What is the remainder when b is divided by 9?
8
Suppose -3*b = -0*b - 2*m - 32, 2*b + m = 33. Calculate the remainder when b is divided by 3.
2
Suppose 4*h = -j + 336, -4*h + 4*j + 176 = -140. Suppose -5*p = -h + 3. Calculate the remainder when 63 is divided by p.
15
Let y = 165 + -101. Suppose 170 = 2*k - y. Suppose -5*q = -3*s - 0*s - k, -5*q + 5*s + 115 = 0. What is the remainder when q is divided by 13?
11
Let z(k) be the third derivative of -k**5/60 + k**4/4 + k**3 + 2*k**2. Let m be z(9). Calculate the remainder when 26 is divided by (1*4)/((-6)/m).
12
Let r(t) be the third derivative of -1/2*t**3 + 0 + 0*t + 1/8*t**4 + 2*t**2. Calculate the remainder when 16 is divided by r(3).
4
Suppose 56 + 24 = 4*k. Suppose 0*h = 6*h - 354. What is the remainder when h is divided by k?
19
Suppose 0*l - l + 2 = 0. Suppose -5*i + 3*s + 60 = 0, -46 = i - 5*i + l*s. Calculate the remainder when 17 is divided by i.
8
Let h be (-2)/4 - (-77)/14. Suppose 27 = 2*f + 5*c - 16, 0 = h*c - 5. What is the remainder when 54 is divided by f?
16
Suppose -5*h - 7 = -17. Calculate the remainder when (-44 + (-4)/h)/(-2) is divided by 6.
5
Let k = -14 + 43. What is the remainder when k/5 - 2/(-10) is divided by -2 - (-1*12)/2?
2
Suppose 5 = 2*y + 3*w, -y + w + 1 = -4. Suppose 19 = y*b + 7. Calculate the remainder when (-15)/(-4) + 1/4 is divided by b.
1
Let x(p) = 2*p**2 - 55*p + 31. What is the remainder when 52 is divided by x(27)?
0
Let z(g) = 7*g + 2*g**2 - 8 + 16 + 2*g. What is the remainder when 76 is divided by z(-6)?
24
Let s(d) = -6*d + 3. Let n be s(-5). What is the remainder when (-6)/(-33) - (-753)/n is divided by 12?
11
Let z(j) = 3*j**2 - 6*j - 5. Calculate the remainder when z(6) is divided by 14.
11
Suppose -x + 86 = -16. Suppose z - 4*z + 16 = -2*m, -4*z + 13 = -m. Suppose 4*w - z*w - x = 0. Calculate the remainder when w is divided by 26.
25
Let j = -19 - -24. Suppose j*q + 3*b - 33 = 97, -q = 3*b - 14. What is the remainder when q is divided by 15?
14
Let r(v) = -v - 1. Let j be r(-4). Let s be (1/j)/(3/63). Suppose -s*d = -3*d - 40. Calculate the remainder when d is divided by 4.
2
Let l be (-6)/((-5)/(165/6)). Let t = l + -2. Calculate the remainder when t is divided by 8.
7
Let o be 2*(-14)/(-4) - 3. Suppose 5*z - c - 34 = -o*c, z - 11 = -2*c. Calculate the remainder when 7 is divided by z.
2
Let c = 96 + -47. Calculate the remainder when c is divided by 10.
9
Suppose 4*q = 2*q - 62. Let k = q + 75. Suppose -4*h + 2*g + 32 = -2*h, -k = -5*h - 4*g. What is the remainder when 23 is divided by h?
11
Suppose -3*z + 3 = -6. Let n(t) = t**2 - 5*t + 2. Let g be n(5). Suppose 4 + 0 = m - d, 0 = -5*m + g*d + 32. Calculate the remainder when m is divided by z.
2
Suppose 2*b - 20 - 6 = 0. Suppose 4*r - r = 9. What is the remainder when b is divided by 3 + r + 2 + -1?
6
Let h(i) be the third derivative of i**5/60 + i**4/8 + 2*i**3/3 - i**2. What is the remainder when 30 is divided by h(-4)?
6
Let b = 75 + -36. Calculate the remainder when 115 is divided by b.
37
Let w(m) = 20*m - 1. Calculate the remainder when w(3) is divided by 30.
29
Suppose -l + 60 = 3*l. Suppose b + 5 = l. Calculate the remainder when 29 is divided by b.
9
Let x(w) = w**3 + 5*w**2 + 2*w - 1. Calculate the remainder when 32 is divided by x(-3).
10
Let i = -39 + 13. Let f = -7 - i. Suppose d - 5 = 2. What is the remainder when f is divided by d?
5
Suppose 0*r - 3*r = -42. Let t(v) be the second derivative of -v**3/6 + 25*v**2/2 - 3*v. Calculate the remainder when t(0) is divided by r.
11
Let x(d) = -9*d**3 + 1. Let a be x(-1). Suppose -4 - a = -2*w. Let j = 14 - w. Calculate the remainder when j is divided by 4.
3
Suppose 3*b + 5 = 4*b. Calculate the remainder when b is divided by 4.
1
Suppose -g - 3*x = -21, -33 = 3*g - 5*g + 3*x. What is the remainder when 69 is divided by g?
15
Suppose 12*r - 22*r = -570. Calculate the remainder when r is divided by 6.
3
Let g(p) = 2*p**2 - 2*p - 1. Suppose 0 = x + x + 12. Let q = 2 - x. What is the remainder when q is divided by g(2)?
2
Suppose -2 = -3*q - 4*r, -q + 6*q - 46 = 4*r. Suppose v + 0 = q. What is the remainder when 22 is divided by 46/6 + 2/v?
6
Let s be 1*(-64 - (0 - -3)). What is the remainder when -2*s*2/4 is divided by 14?
11
Suppose 3 = -3*y, -3*b + 3*y + y = -1. Let n(p) = -14*p**3 - p**2. What is the remainder when 24 is divided by n(b)?
11
Suppose -5*f = -2*f + 78. Let l = -36 - f. Let x = l - -16. What is the remainder when 17 is divided by x?
5
Suppose 0 = 5*r - 2 - 8. Suppose s - 1 = 3. Calculate the remainder when s is divided by r.
0
Let s = -2 - -2. Suppose -2*t + 2*h + 42 = s, -h - 3*h = 5*t - 141. Calculate the remainder when t is divided by 13*2*(-3)/(-6).
12
Suppose -14 = -4*a - o, -5*o - 30 = -a - 4*a. Let v(u) = 2*u + 5. Calculate the remainder when v(a) is divided by (3/(-6))/(1/(-14)).
6
Calculate the remainder when (25/10)/(2*(-1)/(-12)) is divided by 10.
5
Let z(q) = 12*q - 15. Suppose 1 = 3*y - 11, 64 = 3*m + 4*y. What is the remainder when m is divided by z(2)?
7
Suppose -15 = u - 61. What is the remainder when u is divided by 12?
10
Let d = 19 + -15. Let l(t) = t 